y(z) = z**2 - 13*z - 25. Let q be (-4)/10 - 264/(-60). Suppose -49 = 5*r - 2*g - 126, q*r = 5*g + 65. What is the units digit of y(r)?
5
What is the tens digit of 7*(5 + (16 - 1))?
4
Let n(v) = -12*v + 8. Let m(g) = 25*g - 15. Let z(b) = 4*m(b) + 7*n(b). Let o be z(4). Suppose -2*x + 7*x - o = 0. What is the tens digit of x?
1
Suppose -98792 = -65*o + 52983. What is the thousands digit of o?
2
Suppose 15 = 4*p - 5, 2*s = p + 45. Suppose -6*j - s = -11*j - 5*o, 5*o + 2 = 4*j. Suppose 4*y - y + 12 = 0, y = j*h - 172. What is the tens digit of h?
5
Let i(t) be the first derivative of -t**4 - 4*t**3/3 - 5*t**2/2 - 2*t + 4. What is the units digit of i(-2)?
4
What is the units digit of ((-6)/5)/((-5)/(-19300)*-6)?
2
Let s(r) = 2*r - 14. Let f be s(8). Suppose -2 = x + f. Let y = x - -17. What is the units digit of y?
3
Let n(a) be the third derivative of a**6/60 - a**5/15 + a**4/8 - a**2. Let u be n(2). Suppose -q - u = -3*q. What is the units digit of q?
3
Suppose 3*h = -2*h + 10. Let s(r) = 8*r + 9. What is the tens digit of s(h)?
2
Suppose -3*f = -r, 6*r + 4*f = r - 95. Let d = r + 18. Let b = 0 + d. What is the units digit of b?
3
Let d = 513 - 360. Suppose u + 6*r - d = 3*r, -2*u + 302 = 2*r. What is the tens digit of u?
5
Suppose 25*c - 28*c - 2*r + 2165 = 0, -r + 2164 = 3*c. What is the tens digit of c?
2
Suppose -3*z = -2*s - 734, 511 = -4*z + 6*z + 3*s. What is the tens digit of z?
4
What is the units digit of (-9)/(-15) - (-1192)/5?
9
Let i(q) = -29*q + 8. Let d be i(6). Let k = 4 - d. Let o = k - 102. What is the tens digit of o?
6
Suppose 2 = j + o, -3*j - o = -0*o - 6. Suppose 4*l + 0*l = 3*s - 17, -j*l = 4*s - 8. Suppose 2*n - n = -s*z + 36, 4*z = 2*n - 22. What is the tens digit of n?
2
Let i(f) = 4*f**3 - 28 + 20 + f**2 - 12*f - 3*f**3 + 6*f**2. What is the tens digit of i(-8)?
2
Let x = -79 + 83. What is the units digit of (0 - 4)*(-79)/x?
9
Let f = -562 - -996. What is the hundreds digit of f?
4
Suppose c + 11*d - 856 = 6*d, 5*c - 2*d - 4145 = 0. What is the tens digit of c?
3
Let a(k) = 3*k**2 - 8*k + 6. Suppose 0 = -4*x - 4*m + 24, -m + 6 = x - 2*m. What is the units digit of a(x)?
6
Let i = -425 + 269. Let p = i - -270. Suppose -6 = 4*c - p. What is the tens digit of c?
2
Suppose -7*r + 0*r = -532. Suppose 5*y - 311 = -r. What is the units digit of y?
7
Suppose -5*h + 5*n = -2775, -5*h - 3*n + 3956 = 1189. What is the tens digit of h?
5
Let j(c) = -c**3 - 5*c**2 - 3. Let m be j(-6). Let x = 48 - m. Suppose -110 = -4*p + 3*f - 20, -3*f = p - x. What is the tens digit of p?
2
Let y(r) = r**2 - 8*r - 13. Let g be y(-11). Suppose -2*t + 190 = 3*a, 0*t + 5*t = -3*a + g. What is the tens digit of a?
6
What is the hundreds digit of (-989)/(1 + (-4)/(-2) + -4)?
9
Let c(f) = f**3 - 16*f**2 + 16*f - 13. Let u be c(15). What is the units digit of 111 + ((-9)/9)/((-1)/u)?
3
Suppose -3*s = -3*k - 45, 5*s - 61 = s + 5*k. Let y = 32 - s. What is the tens digit of y?
1
Suppose -31*y + 444 = -25*y. What is the tens digit of y?
7
Suppose 70*h + 3 = 71*h. Suppose -h*u = 44 - 173. What is the tens digit of u?
4
Suppose 5*a - 16*a = -6094. What is the units digit of a?
4
Let i be 6/9 + (-13)/(-3). Suppose i*a = 288 - 23. What is the tens digit of a?
5
Suppose -11*x = 7*x - 40860. What is the hundreds digit of x?
2
Let y(d) = -d + 11 - 2 - 5 + 6. Let q = 6 - 6. What is the units digit of y(q)?
0
Suppose 0 = -5*q - 2*d + 8, 0 = -q - d - 0*d + 1. Suppose -q*l + l = 0. Suppose -5*x = -l*x - 65. What is the tens digit of x?
1
Let g(y) = 29*y + 34. Let i(v) = 15*v + 17. Let k(n) = 4*g(n) - 9*i(n). What is the hundreds digit of k(-7)?
1
Let p(w) = 8*w**2 + 43*w + 13. What is the hundreds digit of p(-7)?
1
Suppose 0 = b + x - 2751, 4*x + 1774 + 972 = b. What is the units digit of b?
0
Let r = 99 + 16. Let i = r - 109. What is the units digit of i?
6
Let r be 1/(-2) + 33/6. Suppose -4*w - 2 = -r*w. What is the tens digit of 63/w + 2/(-4)?
3
Let m(k) = 12*k**2 - 13*k + 29. What is the hundreds digit of m(4)?
1
Suppose -4*m - 9 = 7, 3*v = 5*m + 824. What is the hundreds digit of v?
2
Suppose s - 823 = q, s - 3*q - 814 = q. Suppose 8*n = n + s. What is the units digit of n?
8
Suppose -81*z = -82*z + 246. What is the tens digit of z?
4
Suppose -4*w - w = -5. Let o be -26 - (-6)/(-9)*6. What is the tens digit of (o + w)*(3 + -4)?
2
Let q(l) = 198*l**2 - 2*l - 1. Let z be q(-1). Suppose -3*n + z + 317 = 0. Suppose 4 = -p - 1, -4*p + n = 4*m. What is the units digit of m?
8
Let l(q) = -65*q**2 + 14*q - 6. Let n(h) = -22*h**2 + 5*h - 2. Let x(g) = -4*l(g) + 11*n(g). What is the units digit of x(2)?
2
Suppose 4*a - 5*s = 301, 2*a - 149 = -2*s + 3*s. Let b = -21 + a. Let h = b + -22. What is the tens digit of h?
3
Let l = -416 - -212. Let c = -65 - l. What is the tens digit of c?
3
Let b = 4 + -7. Let i = b + 3. Suppose 3*t - 17 - 70 = i. What is the units digit of t?
9
Let y be 8 + (-4 - 0 - -3). Suppose 37 = 5*n - 2*q, -4*n - 5*q - y = -7*n. Suppose -5*d + n*d - 144 = 0. What is the units digit of d?
6
Suppose -3*f + 1982 = i, 6*i = -f + 3*i + 674. Suppose -10*p = -f - 231. What is the units digit of p?
9
Let i(w) be the first derivative of w**4/12 - 3*w**2 + 8*w + 11. Let t(k) be the first derivative of i(k). What is the units digit of t(-3)?
3
Suppose 12*l = 10*l - 20. What is the tens digit of ((-28)/l)/(2/130)?
8
Let p be (-1)/((7/24)/7). Let u = -16 - p. What is the units digit of u?
8
Let s be (1*-3)/(24/896). What is the tens digit of (-32)/s - (2418/(-14) - 0)?
7
Let v(l) = -3*l + 69. Let g be v(19). Suppose -g*c = -4*c - 96. What is the units digit of c?
2
Suppose 0 = -12*b + 16*b - 12. Suppose b*l - 585 = 93. What is the tens digit of l?
2
Let c(a) = -1 - a - 2*a**3 + 0*a + 4*a. Let y(k) = -3*k**3 + k**2 + 3*k - 1. Let x(w) = 4*c(w) - 3*y(w). What is the units digit of x(3)?
8
Suppose 0*a = 4*u - 2*a - 50, -45 = -3*u + 3*a. Let l(g) = -7*g + 6. Let i be l(-6). Let v = i - u. What is the units digit of v?
8
Suppose 15*p - 13203 - 1452 = 0. What is the tens digit of p?
7
Let w = -172 + 497. What is the hundreds digit of w?
3
Suppose 0*t = t. Suppose -a = 3*i - 51, t = 4*a - 2*i - i - 249. What is the units digit of a?
0
Let h(j) = 66*j - 6. What is the thousands digit of h(17)?
1
Let c be (-3 - -5)/(-2)*-4. Suppose c*j = 6*j - 4*a - 20, -j + 3*a + 10 = 0. What is the units digit of 5/(j/18) - 1?
8
Suppose o - 1697 = -2*f, -f + 4*o = -494 - 350. What is the hundreds digit of f?
8
What is the thousands digit of -1025*(-8 + 4 - -3)?
1
Let m = -202 - -287. Suppose -m = 2*l - 29. Let k = l + 67. What is the units digit of k?
9
Let w(x) = -x**2 + 11*x + 22. Let p be w(13). Let i = 61 + p. What is the units digit of i?
7
Let k = -16 - -20. What is the units digit of k/(-10) + (-874)/(-10)?
7
Let h(q) = -81*q + 37. What is the hundreds digit of h(-7)?
6
Suppose -q - 1 = -5. Let t = q + 62. What is the units digit of t?
6
Let z = -335 + 1357. What is the hundreds digit of z?
0
Suppose 0 = -t - w + 240, -7*t = -6*t + 5*w - 232. What is the hundreds digit of t?
2
Let z = -382 + 1206. What is the units digit of z?
4
Suppose -81*y = -68*y - 8593. What is the units digit of y?
1
Suppose -34*l + 36*l - 680 = 0. What is the tens digit of l?
4
Let z = 812 + -295. What is the tens digit of z?
1
Suppose -36*b = -29*b - 3535. What is the hundreds digit of b?
5
Let c = 33 + -31. Suppose -3*a + 190 = c*a. What is the tens digit of a?
3
Let f = -26 + 42. Let v = 19 - f. What is the units digit of 2/v - (-8)/6?
2
Let l = 21 - 17. Suppose 5*j - l*j = 0. Suppose 0 = -k - j*k + 48. What is the tens digit of k?
4
What is the units digit of (-20805)/(-6) - -3*(-3)/(-18)?
8
Suppose -19*b = -38*b + 1292. What is the tens digit of b?
6
Let t = 7 + -1. Let g(z) be the first derivative of -3*z**2/2 + 20*z + 52. What is the units digit of g(t)?
2
Let z = 744 - 178. What is the hundreds digit of z?
5
Let i = 837 + -17. What is the tens digit of i?
2
Let r = 721 + -202. What is the hundreds digit of r?
5
Let d(n) = 8*n**2 - 16*n + 15. What is the units digit of d(10)?
5
Let b(a) = -a**3 + 17*a**2 + 12*a + 91. What is the tens digit of b(-11)?
4
Let v(z) = -8*z**3 - 8*z**2 + 9*z - 4. Let c be v(5). What is the tens digit of c/(-19) + 1*-1?
6
Let y(g) = g**3 + 12*g**2 - 15*g + 2. Suppose 2*